{"id":146,"date":"2016-06-12T15:32:52","date_gmt":"2016-06-12T18:32:52","guid":{"rendered":"http:\/\/hcontabilidade.com.br\/?page_id=146"},"modified":"2016-06-15T18:05:03","modified_gmt":"2016-06-15T21:05:03","slug":"contabil","status":"publish","type":"page","link":"https:\/\/hcontabilidade.com.br\/?page_id=146","title":{"rendered":"Cont\u00e1bil"},"content":{"rendered":"<p>A Haverroth\u00a0Contabilidade oferece todo suporte do Setor Cont\u00e1bil.<\/p>\n<p><strong>Escritura\u00e7\u00e3o dos documentos cont\u00e1beis<\/strong><br \/>\nApura\u00e7\u00e3o das demonstra\u00e7\u00f5es cont\u00e1beis:<br \/>\nBalancete de Verifica\u00e7\u00e3o<br \/>\nBalan\u00e7o Patrimonial<br \/>\nDemonstra\u00e7\u00e3o do Resultado do Exerc\u00edcio<\/p>\n<p><strong>Emiss\u00e3o dos livros cont\u00e1beis:<\/strong><\/p>\n<ul>\n<li>Livro Caixa<\/li>\n<li>Lalur<\/li>\n<li>Controle do Ativo Imobilizado.<\/li>\n<li>Controle de Estoque.<\/li>\n<\/ul>\n","protected":false},"excerpt":{"rendered":"<p>A Haverroth\u00a0Contabilidade oferece todo suporte do Setor Cont\u00e1bil. Escritura\u00e7\u00e3o dos documentos cont\u00e1beis Apura\u00e7\u00e3o das demonstra\u00e7\u00f5es cont\u00e1beis: Balancete de Verifica\u00e7\u00e3o Balan\u00e7o Patrimonial Demonstra\u00e7\u00e3o do Resultado do Exerc\u00edcio Emiss\u00e3o dos livros cont\u00e1beis: Livro Caixa Lalur Controle do Ativo Imobilizado. Controle de Estoque.<\/p>\n","protected":false},"author":1,"featured_media":0,"parent":7,"menu_order":3,"comment_status":"closed","ping_status":"closed","template":"page-servicos.php","meta":{"footnotes":""},"_links":{"self":[{"href":"https:\/\/hcontabilidade.com.br\/index.php?rest_route=\/wp\/v2\/pages\/146"}],"collection":[{"href":"https:\/\/hcontabilidade.com.br\/index.php?rest_route=\/wp\/v2\/pages"}],"about":[{"href":"https:\/\/hcontabilidade.com.br\/index.php?rest_route=\/wp\/v2\/types\/page"}],"author":[{"embeddable":true,"href":"https:\/\/hcontabilidade.com.br\/index.php?rest_route=\/wp\/v2\/users\/1"}],"replies":[{"embeddable":true,"href":"https:\/\/hcontabilidade.com.br\/index.php?rest_route=%2Fwp%2Fv2%2Fcomments&post=146"}],"version-history":[{"count":8,"href":"https:\/\/hcontabilidade.com.br\/index.php?rest_route=\/wp\/v2\/pages\/146\/revisions"}],"predecessor-version":[{"id":251,"href":"https:\/\/hcontabilidade.com.br\/index.php?rest_route=\/wp\/v2\/pages\/146\/revisions\/251"}],"up":[{"embeddable":true,"href":"https:\/\/hcontabilidade.com.br\/index.php?rest_route=\/wp\/v2\/pages\/7"}],"wp:attachment":[{"href":"https:\/\/hcontabilidade.com.br\/index.php?rest_route=%2Fwp%2Fv2%2Fmedia&parent=146"}],"curies":[{"name":"wp","href":"https:\/\/api.w.org\/{rel}","templated":true}]}}