{"id":156,"date":"2016-06-12T15:34:54","date_gmt":"2016-06-12T18:34:54","guid":{"rendered":"http:\/\/hcontabilidade.com.br\/?page_id=156"},"modified":"2020-11-23T09:53:05","modified_gmt":"2020-11-23T12:53:05","slug":"sites-uteis","status":"publish","type":"page","link":"https:\/\/hcontabilidade.com.br\/?page_id=156","title":{"rendered":"Sites \u00dateis"},"content":{"rendered":"<p><strong>Cont\u00e1bil<\/strong><\/p>\n<ul>\n<li><a href=\"https:\/\/nfem.joinville.sc.gov.br\/login.aspx\" target=\"_blank\">Nota Fiscal Eletr\u00f4nica<\/a><\/li>\n<li><a href=\"http:\/\/www8.receita.fazenda.gov.br\/SimplesNacional\/\" target=\"_blank\">Simples Nacional<\/a><\/li>\n<li><a href=\"http:\/\/www.sc.inf.br\/\" target=\"_blank\">SCI<\/a><\/li>\n<\/ul>\n<p><strong>\u00d3rg\u00e3os Do Governo<\/strong><\/p>\n<ul>\n<li><a href=\"http:\/\/www.joinville.sc.gov.br\/\" target=\"_blank\">Prefeitura Municipal de Joinville<\/a><\/li>\n<li><a href=\"http:\/\/www.receita.fazenda.gov.br\/\" target=\"_blank\">Secretaria da Receita Federal<\/a><\/li>\n<li><a href=\"http:\/\/www.sef.sc.gov.br\/\" target=\"_blank\">Secretaria da Receita Estadual<\/a><\/li>\n<li><a href=\"https:\/\/meu.inss.gov.br\/central\/#\/login?redirectUrl=\/\" target=\"_blank\">Inss<\/a><\/li>\n<li><a href=\"http:\/\/www.jucesc.sc.gov.br\/\" target=\"_blank\">Jucesc<\/a><\/li>\n<li><a href=\"http:\/\/www.mj.gov.br\/\" target=\"_blank\">Procuradoria Geral da Fazenda \u2013 Uni\u00e3o\u00a0Minist\u00e9rio da Justi\u00e7a<\/a><\/li>\n<li><a href=\"http:\/\/www.mte.gov.br\/\" target=\"_blank\">Minist\u00e9rio do Trabalho<\/a><\/li>\n<li><a href=\"http:\/\/www.receita.fazenda.gov.br\/\" target=\"_blank\">Presidecia da Rep\u00fablica<\/a><\/li>\n<\/ul>\n<p><strong>Sindicatos<\/strong><\/p>\n<ul>\n<li><a href=\"http:\/\/www.comerciarios.net\/\" target=\"_blank\">Com\u00e9rcio<\/a><\/li>\n<li><a href=\"http:\/\/www.sindaspisc.org.br\/\" target=\"_blank\">Sindaspisc<\/a><\/li>\n<\/ul>\n<p><strong>Bancos<\/strong><\/p>\n<ul>\n<li><a href=\"http:\/\/www.bradesco.com.br\/\" target=\"_blank\">Banco Bradesco<\/a><\/li>\n<li><a href=\"http:\/\/www.caixa.gov.br\/\" target=\"_blank\">Caixa Econ\u00f4mica Federal<\/a><\/li>\n<li><a href=\"http:\/\/www.itau.com.br\/\" target=\"_blank\">Banco Ita\u00fa<\/a><\/li>\n<li><a href=\"http:\/\/www.sicredi.com.br\/\" target=\"_blank\">Banco Sicredi<\/a><\/li>\n<\/ul>\n<p><strong>Sites de Ajuda<\/strong><\/p>\n<ul>\n<li><a href=\"http:\/\/www.brasiltelecom.com.br\/portal\/ConsultarAssinantes102OnlinePFPB.do?acao=onVisualizar\" target=\"_blank\">102 On-line<\/a><\/li>\n<li><a href=\"http:\/\/www.correios.com.br\/servicos\/cep\/cep_loc_log.cfm\" target=\"_blank\">Consulta de Ceps<\/a><\/li>\n<li><a href=\"http:\/\/www.detran.sc.gov.br\/\" target=\"_blank\">Detran SC<\/a><\/li>\n<\/ul>\n<p><strong>Certificados Digitais<\/strong><\/p>\n<ul>\n<li><a href=\"https:\/\/www.idseguro.com.br\/produtos\/?cod_rev=19885\" target=\"_blank\">AR Haverroth | ID Seguros | Certisign<\/a><\/li>\n<\/ul>\n<p>&nbsp;<\/p>\n","protected":false},"excerpt":{"rendered":"<p>Cont\u00e1bil Nota Fiscal Eletr\u00f4nica Simples Nacional SCI \u00d3rg\u00e3os Do Governo Prefeitura Municipal de Joinville Secretaria da Receita Federal Secretaria da Receita Estadual Inss Jucesc Procuradoria Geral da Fazenda \u2013 Uni\u00e3o\u00a0Minist\u00e9rio da Justi\u00e7a Minist\u00e9rio do Trabalho Presidecia da Rep\u00fablica Sindicatos Com\u00e9rcio Sindaspisc Bancos Banco Bradesco Caixa Econ\u00f4mica Federal Banco Ita\u00fa Banco Sicredi Sites de Ajuda 102 [&hellip;]<\/p>\n","protected":false},"author":1,"featured_media":0,"parent":7,"menu_order":7,"comment_status":"closed","ping_status":"closed","template":"page-servicos.php","meta":{"footnotes":""},"_links":{"self":[{"href":"https:\/\/hcontabilidade.com.br\/index.php?rest_route=\/wp\/v2\/pages\/156"}],"collection":[{"href":"https:\/\/hcontabilidade.com.br\/index.php?rest_route=\/wp\/v2\/pages"}],"about":[{"href":"https:\/\/hcontabilidade.com.br\/index.php?rest_route=\/wp\/v2\/types\/page"}],"author":[{"embeddable":true,"href":"https:\/\/hcontabilidade.com.br\/index.php?rest_route=\/wp\/v2\/users\/1"}],"replies":[{"embeddable":true,"href":"https:\/\/hcontabilidade.com.br\/index.php?rest_route=%2Fwp%2Fv2%2Fcomments&post=156"}],"version-history":[{"count":11,"href":"https:\/\/hcontabilidade.com.br\/index.php?rest_route=\/wp\/v2\/pages\/156\/revisions"}],"predecessor-version":[{"id":343,"href":"https:\/\/hcontabilidade.com.br\/index.php?rest_route=\/wp\/v2\/pages\/156\/revisions\/343"}],"up":[{"embeddable":true,"href":"https:\/\/hcontabilidade.com.br\/index.php?rest_route=\/wp\/v2\/pages\/7"}],"wp:attachment":[{"href":"https:\/\/hcontabilidade.com.br\/index.php?rest_route=%2Fwp%2Fv2%2Fmedia&parent=156"}],"curies":[{"name":"wp","href":"https:\/\/api.w.org\/{rel}","templated":true}]}}